3*v = -4*s - 8, 13 = 2*s - 2*v + d. What is the units digit of s?
1
Let x(m) = -4*m + 0*m + 3*m. Let q be x(-2). What is the units digit of q/8 - (-15)/4?
4
Let p(f) = f**3 - 11*f**2 + 11*f. Let b be p(10). Suppose 0 = 4*s - b - 18. What is the units digit of s?
7
Let o = -25 + 33. What is the units digit of o?
8
Let q = 12 + -4. What is the units digit of q?
8
Let a(r) = r + 15. What is the units digit of a(10)?
5
Suppose 650 = 6*j + 104. What is the tens digit of j?
9
Suppose -4*w + 4 = -44. Suppose -i - 12 = -3*a - 0*i, 2*a = 2*i + w. What is the units digit of a?
3
Suppose 5*z - 34 = 21. Let h(y) = y**3 - 12*y**2 + 12*y - 10. Let j be h(z). Let i = 0 + j. What is the units digit of i?
1
Let g(n) = n**2 + 7*n + 6. Let y be -3 - -2*(-1 - 2). What is the units digit of g(y)?
4
Suppose g - 2*p + 1 = -5*p, -3*g = -2*p + 3. Let w = g + 12. What is the tens digit of w?
1
Let q = -8 - -14. What is the units digit of -3 + q - (0 - 0)?
3
Let z(j) = 2*j**2 - 3*j + 4. Let s(n) = 2*n + 4. Let t be s(-4). Let q be z(t). Suppose 0 = -2*p - 2*p + q. What is the tens digit of p?
1
Let r be 142/(-4 + 6/1). Suppose -18 = v - r. What is the units digit of v?
3
Let k be 2*(2 - (-6)/(-4)). Suppose i = 15 + k. What is the units digit of i?
6
What is the units digit of ((-4)/(-6))/((-5)/(-255))?
4
Let s(d) = -30*d - 9. What is the units digit of s(-4)?
1
Let u be 4*2/24*6. What is the units digit of ((-25)/u - -2)*-2?
1
Let r(l) = 6*l**2 + 2*l + 1. Let d = 7 - 8. What is the units digit of r(d)?
5
Let x(u) = -u**3 - u**2. Let v be x(0). Suppose -3*y - 33 = 5*f, v*y + f + 29 = -2*y. Let g = -9 - y. What is the units digit of g?
7
Let v(g) = -g**3 + 7*g**2 - 9*g + 3. What is the units digit of v(4)?
5
Let l(u) be the third derivative of u**4/24 + 5*u**3/6 - 2*u**2. What is the units digit of l(0)?
5
Let i(o) = o + 2. Let h be i(2). Suppose -24 = 4*c - h*j, 21 = -2*c + 3*j + 2*j. What is the units digit of c/9 + (-68)/(-6)?
1
Suppose -3*j = -8*j + 25. Suppose -72 = 2*b - o - 201, 4*b + j*o = 265. Suppose 5*s = 3*m + m + b, 5*m = -4*s + 11. What is the units digit of s?
9
Suppose -2*j - 3*v + 3 = 0, -6*v = -4*j - v - 5. Suppose -2*z + j*z = -8. Suppose i - z*i + 21 = 0. What is the units digit of i?
7
What is the tens digit of (39/52 - (-1174)/(-8))*-1?
4
Suppose 0 = -2*z - w + 34, -2*z + 9*w + 44 = 5*w. What is the units digit of z?
8
Suppose -3*x = 5*q + 135, 0 = -5*x + q - 37 - 216. Let m be -5*(-5)/(x/(-4)). Suppose 0 = -m*c + 8 - 2. What is the units digit of c?
3
Let x(q) = -4*q**2 + 3*q. Let i be x(6). What is the tens digit of i/(-4) + (-6)/12?
3
Let b = -31 + 45. What is the units digit of b?
4
Let c = -8 - -10. What is the units digit of (1/(-2))/(c/(-4))?
1
What is the tens digit of 2*(-1)/10 - 888/(-15)?
5
Suppose 30 + 123 = u. Suppose -3*d - d + 5*m = -u, 2*d - 96 = -4*m. Let b = -26 + d. What is the units digit of b?
6
Let o = 5 + 0. Let w(j) = -j**3 + 4*j**2 + 5*j + 3. Let g be w(o). What is the units digit of g*((-4)/3 + 3)?
5
Suppose 430 + 410 = 5*n. What is the hundreds digit of n?
1
Let k(o) = 56*o**2 + 2*o + 3. What is the units digit of k(-1)?
7
Let i = 54 - 21. What is the tens digit of i?
3
Let p = 3 + -3. Let d = -19 + 31. Suppose -l + d = -p*l. What is the tens digit of l?
1
Let n = 8 - 6. What is the units digit of 34/2 + (n - 0)?
9
Let c(m) = -m**3 + 7*m**2 + 4*m - 5. What is the tens digit of c(4)?
5
Suppose -38*a = -40*a + 30. What is the units digit of a?
5
Suppose x = -x - 3*b - 11, 3*x + 4*b = -14. Let h be (-1 + -2)*4/(-6). Suppose 3*t = 5*p - 1, -2*t + x*p - h = -2*p. What is the units digit of t?
3
Suppose 0 = -5*p - 0*p - 4*a + 35, -3*p + 4*a - 11 = 0. Suppose -p*c + c = -2*d, 5*c - 4 = d. What is the units digit of d?
1
Suppose 3*j + 4*f - 12 = 5*j, -2*f = -5*j + 2. Let v be 9/j - 2/(-4). Suppose 0 = 5*u - v - 30. What is the units digit of u?
7
What is the tens digit of (-14)/((-1)/14*4)?
4
What is the tens digit of ((-141)/(-4))/(18/24)?
4
Suppose 0*o - 113 = -o. What is the units digit of o?
3
Suppose -k + 96 = 2*k. What is the units digit of k?
2
Let s(b) = -1. Let p(n) = -n - 7. Let k(i) = -i - 7. Let j(f) = 5*k(f) - 6*p(f). Let t(z) = -j(z) - 3*s(z). What is the units digit of t(-6)?
2
What is the units digit of ((-36)/(-8))/((-2)/(-4))?
9
Suppose w - 232 = -3*w. Suppose 0 = 3*a + 2*i + i - 42, 0 = 5*a - i - w. What is the units digit of a?
2
Suppose 2*h + 1 = -1, 0 = -5*r - 2*h + 93. What is the units digit of r?
9
Suppose 0 = -2*l - n, 8*l - 5*l - 5*n - 13 = 0. What is the units digit of l?
1
Let r(a) = a**3 - 6*a**2 + 7*a - 4. Let n be r(5). What is the units digit of 64/n - (-8)/(-12)?
0
Let u(a) = -a**3 - 4*a**2 - 1. What is the tens digit of u(-8)?
5
Let z(a) = -a + 1. Let d(j) = -17*j - 1. Let m(k) = -d(k) - 2*z(k). Suppose 0 = 5*n - 2*f - 9, n - f = -3*f - 3. What is the tens digit of m(n)?
1
Let s be ((-12)/5)/(9/(-30)). Let g(x) be the first derivative of x**2 - 4*x + 1. What is the units digit of g(s)?
2
Let f = -22 - -15. Let c(m) be the first derivative of m**3/3 + 5*m**2/2 - 7*m + 2. What is the units digit of c(f)?
7
Let a(t) = t**3 + t**2 - 3*t + 2. What is the units digit of a(3)?
9
Let m(o) be the first derivative of -o**6/360 - o**5/24 - o**4/8 - o**3/3 - 2. Let n(h) be the third derivative of m(h). What is the units digit of n(-3)?
3
Suppose -4*f = 20, -4*a + 5*a - 4*f - 24 = 0. Suppose w + 20 = 5*w, -a*n = -5*w + 57. What is the units digit of n/(-1) - (2 - 0)?
6
Suppose 56 = 3*a - 4. What is the tens digit of a?
2
Suppose 2*w - v = -3*w + 1695, 3*w - 3*v = 1017. What is the hundreds digit of w?
3
What is the units digit of (-1 + 3)/(-4)*(-32 - -2)?
5
Let v(u) = -u**2 + u**3 + u**3 + 2 + 6*u**2 - u**3 + 3*u. Let d be v(-4). What is the units digit of -2*d/9*-6?
8
Let o(y) = -y**3 + 3*y**2 + 5*y - 4. Let a be o(4). Let s = a + 18. What is the units digit of s?
8
Suppose 0*h + 25 = 3*h + 2*n, n - 26 = -3*h. Suppose -q + 16 = u, 3*q = 2*u - h + 62. Suppose f = -5*g + g + q, -3*g + 12 = 0. What is the units digit of f?
1
Let r = -2 - -6. Suppose -r = -2*k + 2. What is the units digit of k?
3
Let z(a) = -5*a - 6. Suppose 0 = -3*c - 26 - 1. What is the units digit of z(c)?
9
Suppose 2*w + 2*w = -2*n + 18, -4*n - 12 = 0. What is the units digit of w?
6
Let c(j) = -j + 5. Let x(k) = k**2 - 3*k + 3. Let l be x(3). What is the units digit of c(l)?
2
Let u be 4/(-6) - 5/(-3). What is the units digit of ((-4)/(-3))/(u/3)?
4
Let h(y) be the third derivative of y**6/120 + y**5/10 + y**4/24 - 2*y**3/3 - 3*y**2. Let u = -13 + 8. What is the units digit of h(u)?
6
Suppose -2*y + 4 - 14 = 0, -2*i = y + 17. Let r = 33 + -18. Let h = r + i. What is the units digit of h?
9
Suppose 3*d + 2*b + 3*b = 31, 2*b - 8 = d. What is the tens digit of (-217)/(-14) - d/4?
1
Let u(f) = 2*f - 9. Let s be u(12). Suppose -s - 85 = -5*l. What is the units digit of l?
0
Let m(v) = v**2 - 9*v - 7. Let j(n) = -n**2 + 5*n + 4. Let l(b) = -7*j(b) - 4*m(b). Suppose 2*c = 3*f + 10, 7*f = -5*c + 2*f. What is the units digit of l(c)?
4
What is the units digit of ((-18)/15)/(6/(-195))?
9
Suppose 0 = -s + 4*a - 10, 4*a = 5*s + 33 + 1. Let n(k) = -k**3 - 5*k**2 + 5*k. What is the units digit of n(s)?
6
What is the tens digit of -2 + (-116)/(-4) + 0?
2
Let z(a) = -a - 1. Let q = -7 + 4. What is the units digit of z(q)?
2
Let t(o) = -o**3 - 2*o**2 - 3*o - 2. Let i be t(-2). Suppose -i*j = -30 - 18. What is the units digit of j?
2
Let n(m) = 10*m**2 + m + 1. What is the tens digit of n(-3)?
8
Suppose 9*s = 3*s + 18. Suppose -3*l + 39 = -2*k, s*l = 5*l + 5*k - 7. What is the tens digit of l?
1
Let n(y) = -y**3 - 3*y**2 + y - 5. Let z be n(-4). Let a(f) be the first derivative of f**2/2 + f - 1. What is the units digit of a(z)?
8
Let i(g) be the third derivative of g**6/120 - g**5/15 + g**4/6 - g**3/3 - g**2. What is the units digit of i(4)?
4
Let i(y) = y**3 - 4*y**2 - y + 4. Let j be i(5). Suppose 4*u - j - 32 = 0. What is the units digit of u?
4
Let o be ((-1)/(-2))/((-7)/(-182)). Suppose -o = -2*i + h, 0*i - 4*i + 38 = 2*h. What is the units digit of i?
8
Let i = 65 + -39. What is the tens digit of i?
2
Let t(g) = g**2 + 2*g - 5. Let j be t(-4). What is the units digit of j/(3/(2 + -1))?
1
Let r = 42 + -17. What is the units digit of r?
5
Let c(q) =